 a = -375 - -2218. What are the prime factors of a?
19, 97
Let z = 2269 - -229. What are the prime factors of z?
2, 1249
Let s(w) = 12*w - 12. Let o be s(3). List the prime factors of 2952/o - 2*-1.
5
Let v(a) be the second derivative of a**3/6 - a**2/2 + 2*a. Suppose 3*r - 7*r = -36. List the prime factors of v(r).
2
Suppose 5*k = 20, -3 = 2*v - 5*k - 13. Let r = v - -16. Suppose -2*a + 30 = 2*x, 5*a = x - 2*x + r. What are the prime factors of x?
11
Let i(s) = 4*s**2 + 2 - 3*s - 4 + 1. Let m(q) = q. Let x(y) = i(y) + m(y). List the prime factors of x(3).
29
Suppose x + 3*f = 2441, -11*x + 4*f = -12*x + 2437. What are the prime factors of x?
11, 223
Suppose -23 + 33 = -5*z. What are the prime factors of 195 + z - (0 + 3)?
2, 5, 19
Let r = 4911 - 2193. List the prime factors of r.
2, 3, 151
Let q(k) = -k - 2. Let t be q(-4). Let s be t - (-4)/(12/9). Suppose -2*l = -3*p + 27, 3*p - 6 = s*l + 12. What are the prime factors of p?
11
Suppose 0 = -0*l + 2*l + 98. Suppose -u + 6*u = 415. Let z = u + l. List the prime factors of z.
2, 17
Suppose 5*b = 15 - 5. What are the prime factors of ((-1)/b)/((-16)/992)?
31
List the prime factors of ((1 - -3) + (-162)/45)*425.
2, 5, 17
Let p = 9 + -4. Let y be (-522)/(-5) - (-9)/15. Suppose 0*w - p*w = -y. What are the prime factors of w?
3, 7
Let w(l) = l**2 + 7*l - 9. List the prime factors of w(-20).
251
Suppose 8*p - 4550 = 3*p - m, -3640 = -4*p + 3*m. What are the prime factors of p?
2, 5, 7, 13
Let s = 33 + -29. Suppose y = 2*r + s*y - 222, 0 = 2*y. List the prime factors of r.
3, 37
Suppose 5*a - 6 = 4. Let s(f) = f**3 + 14*f**2 - 17*f - 28. Let p be s(-15). Suppose 2*q + 6*h - a*h - 8 = 0, -3*h = -p*q + 1. List the prime factors of q.
2
Suppose -7*i + 5543 + 372 = 0. List the prime factors of i.
5, 13
Suppose 6*v - 8 = 5*v. Let c be (-54 - 0)*(-4)/v. Suppose -2*d = c - 85. List the prime factors of d.
29
Suppose 0 = q + 1, q + 2*q = 2*d - 3283. List the prime factors of d.
2, 5, 41
Let v(c) = 3*c**3 + 2*c**2 + c. Let a be v(4). What are the prime factors of (a/24)/((-2)/(-20))?
5, 19
Let u be (-12)/(-7) + (-8)/(-28). Let r be (6/10)/(u/10). Suppose -2*n + 20 = -4*b, 5*n + r*b + b - 22 = 0. What are the prime factors of n?
2, 3
Let s(c) = 7*c**3 - 3*c**2 + 6*c - 7. Suppose 3*l - 6 = -2*q, -2*q + l + 3 = -q. What are the prime factors of s(q)?
173
Let l(n) = n**3 - 9*n**2 - 7*n + 7. Let j(v) = -4*v - 10. Let k be j(-5). List the prime factors of l(k).
37
Suppose -17 = -o - 4*q + 27, -5*o - 5*q + 205 = 0. Let n = 30 - o. List the prime factors of (-734)/n - 18/(-30).
2, 37
Let i = -1421 - -4377. What are the prime factors of i?
2, 739
Let d be (54/8)/3 + 1/(-4). List the prime factors of (-56 - 1)/(d - (-62)/(-28)).
2, 7, 19
Suppose -4*t - 2974 = -5*v + 6579, -5*t + 7626 = 4*v. What are the prime factors of v?
23, 83
Let y = 22 - 35. Let h(r) = r + 18. What are the prime factors of h(y)?
5
Let r be -3 - ((-20 - -5) + 2). List the prime factors of r + -12 + (-498)/(-2).
13, 19
Suppose 4*m - 5*m + g = -708, 0 = 5*g - 10. List the prime factors of m.
2, 5, 71
List the prime factors of 100806/30 + (-18)/90.
2, 3, 5, 7
List the prime factors of 8/14 + 2673186/1253.
2, 11, 97
Let g(y) = y**2 - 9*y - 11. Let b(a) = a**3 - 11*a**2 + 13*a - 25. Let x be b(10). Let c = x - -8. What are the prime factors of g(c)?
41
Suppose 0 = y - 4*y + 402. Let c = y - 86. What are the prime factors of c?
2, 3
List the prime factors of ((-7517)/(-4) - 43/172) + -2.
1877
Suppose 4*d - 20*d = -1520. Suppose 2*v - 100 = -0*v. What are the prime factors of (20/v)/(1/d)?
2, 19
Suppose 3551 = 4*s - 5805. List the prime factors of s.
2339
Suppose -4*h + h = -5*k - 24, 2*h - k - 16 = 0. What are the prime factors of 10/(-3)*(h - 41)?
2, 5, 11
Let q(h) = 2*h**2 - 1. Let z be (-40)/16 - 1/(-2). Let l be q(z). Let t(a) = 5*a - 9. What are the prime factors of t(l)?
2, 13
Suppose -2*x - 509 = 3*d, 4*d + 1200 = 2*x + 498. Let i = -104 - d. What are the prime factors of i?
3, 23
Let x be (-4)/(-22) - (-798)/(-33). Let u(n) = n + 8. Let y be u(-13). Let i = y - x. List the prime factors of i.
19
What are the prime factors of 1576 + ((-1)/7 - 18/21)?
3, 5, 7
Let a be 73/(-1 + 16/12). Suppose 2*v - a = v. Suppose v + 56 = 5*c. List the prime factors of c.
5, 11
Let f = -3147 - -5252. What are the prime factors of f?
5, 421
Suppose 0 = 118*r - 117*r - 1478. List the prime factors of r.
2, 739
Suppose -3714 = -19*k + 18*k + 4*i, -2*k = -4*i - 7412. What are the prime factors of k?
2, 43
Suppose 0 = -x - 12 + 5. Let h = x - -6. What are the prime factors of (h/(-2))/(11/242)?
11
Let p = 5 - -2. Suppose -144 = -p*i - 18. List the prime factors of i.
2, 3
Let q = 303 - 299. Let c = 1 + 2. Suppose -m + a + 277 = q*m, -104 = -2*m - c*a. What are the prime factors of m?
5, 11
Suppose y - 2055 = -5*u, 4*y + 1233 = 3*u - 0*u. List the prime factors of u.
3, 137
Suppose -4 + 14 = 2*v. Suppose -3*y + v*y = 8. List the prime factors of 54/y + (-7)/(-14).
2, 7
Suppose 0 = 3*g - 1 - 5. Let m = 7 + g. List the prime factors of 2/m + 1246/63.
2, 5
Let z = 19 - 17. Let l be 2 - 0/((-6)/z). Suppose l*p = -0*p + 68. List the prime factors of p.
2, 17
Let m = 13 + -11. Suppose 7 + 3 = 3*c - l, -5*c = -m*l - 17. Suppose 50 = 4*r - 5*j, 0*r - r = -c*j - 16. What are the prime factors of r?
2, 5
Let r = 7 + -8. Let t be -1 + r - (11 + -4). List the prime factors of 14 - (2 - t/(-3)).
3, 5
Suppose 0*b = 3*b - 4*g - 487, -2*b + 310 = g. Suppose m + 0*a = 5*a + b, 0 = 2*m + 3*a - 340. List the prime factors of m.
167
Let v = -148 - -221. Suppose 3*n = -3*p + 237, 0*n - 4*n = p - v. List the prime factors of p.
3
Suppose 50 = -6*l - 16. Let i = -24 - -49. Let w = l + i. List the prime factors of w.
2, 7
Let l be (3/2)/((-12)/(-32)). Suppose -l*b - 6 - 18 = 0. Let r = b - -30. What are the prime factors of r?
2, 3
Suppose -3 = 2*g - 31. Let u be -3*20*(g - 15). List the prime factors of (-12)/10*(-200)/u.
2
List the prime factors of (-3)/(15/(-84)*84/1610).
2, 7, 23
Let k = -19 + 27. Suppose 5*i = 5*l + i + 23, 2*i = -4*l - k. Let p = l - -7. List the prime factors of p.
2
Let q be (8/8)/(2/(-2))*-473. Suppose 7*p = 4*p - 4*c + q, 0 = 5*p + 3*c - 770. List the prime factors of p.
151
Suppose -3*d = -4*i - 1241, -2*d + i = -4*d + 809. List the prime factors of d.
11, 37
Let m(y) = y - 6. Let i be m(6). Suppose z + 2*z + 6 = i. Let a(t) = -19*t - 5. List the prime factors of a(z).
3, 11
Suppose a = 9*a - 1976. Suppose -a = -4*o + 37. List the prime factors of o.
71
Let n(h) be the first derivative of h**4 - 2*h**3/3 + 3*h**2/2 - 3*h - 22. What are the prime factors of n(3)?
2, 3
Suppose 0 = 5*v - 4*v - 4. Suppose -v*n = -8*n + 576. Suppose 5*q - n = 2*q. List the prime factors of q.
2, 3
Let f(i) = 2*i**3 - 20*i**2 + 10*i - 4. Suppose 0 = 6*j - 8*j + 20. What are the prime factors of f(j)?
2, 3
Suppose -q - 3 = -p, -2*p + 5 = -1. Let d = 35 + -34. Suppose q = -4*w + 29 - d. What are the prime factors of w?
7
Suppose 5*v - 3 = 2*f + 2, f - v + 4 = 0. Let r = 110 - f. What are the prime factors of r?
5, 23
Suppose 6*r - 19 = 47. Let g(q) = 2*q - 10. List the prime factors of g(r).
2, 3
Suppose -1783 - 2457 = -16*l. List the prime factors of l.
5, 53
Suppose 1657 = s - 5*p, 13*s - 6718 = 9*s + 2*p. What are the prime factors of s?
2, 29
Suppose 0 = -2*x - 4*u - 20, 0 = -5*x - 2*u - 0*u - 34. List the prime factors of x*(4 + (-332)/8).
3, 5
List the prime factors of 0 + (3385/(-3))/((-26)/78).
5, 677
Let g = -2228 + 4598. What are the prime factors of g?
2, 3, 5, 79
What are the prime factors of (2 - (-638 - -7)) + 1?
2, 317
Let u(r) = r**3 + 38*r**2 + 28*r - 89. What are the prime factors of u(-37)?
2, 61
Let w(p) = -2*p**3 + 2*p**2 + 8*p + 7. Suppose -2*l - 15 = 5*x + 3*l, x + 2*l + 3 = 0. List the prime factors of w(x).
5, 11
Let x = 8 - -8. Suppose -2*g = 2*g + x. What are the prime factors of 6/g + 9/2?
3
Let g(r) be the first derivative of 5*r + 1/3*r**3 + 8 - 3/2*r**2. What are the prime factors of g(9)?
59
Let q(v) = -45*v - 33. Let f be q(-9). Let k = f - 210. What are the prime factors of k?
2, 3
Let p be (0 - 40/(-5)) + -3 + 2. Suppose 2*k + n - 1 = 0, -n - n + 2 = 0. Suppose a - p*a + 330 = k. What are the prime factors of a?
5, 11
Suppose -5*r - 3*j = -9748, 19*r 